visor of k and 7.
7
Suppose 3*r + 2 = -5*s + 10, -13 = -3*r - 4*s. Calculate the highest common divisor of r and 33.
11
Suppose 2*h - 27 = -h. Let q(b) = b**2 - 1 - 3*b + 0*b + 0 + 0*b**2. Let i be q(7). What is the highest common factor of h and i?
9
Let o = -95 - -145. Let j(t) be the second derivative of t**4/12 - t**3/2 + t**2 - 2*t. Let w be j(6). Calculate the greatest common factor of w and o.
10
Suppose 2*x - 110 = 4*u, 4*x + 3*u = 3*x + 30. What is the greatest common factor of 18 and x?
9
Let z be 10/25*(-250)/(-1). What is the highest common divisor of z and 25?
25
Let i = 24 - 17. Suppose 5*r - 8 = i. Calculate the greatest common factor of r and 3.
3
Let g be 112/(-18) + 4/18. Let q be ((-44)/g)/(12/18). What is the highest common factor of q and 33?
11
Suppose -25*o - 36 = -28*o. Calculate the highest common factor of o and 12.
12
Suppose -3*s - 34 - 106 = -4*c, 2*c + 2*s = 56. Calculate the highest common divisor of 112 and c.
16
Let m be -22*3/12*-2. Let h be (-1*3/(-9))/(1/33). Calculate the highest common divisor of m and h.
11
Suppose 2*q + 16 = 4*c, -2*q + 5*q - 26 = -4*c. Let x be 1/q + 11/2. Calculate the highest common factor of 6 and x.
6
Let m be (0 + 3 + 0)/1. What is the highest common factor of m and 33?
3
Suppose -38 = -15*r + 202. What is the highest common factor of 88 and r?
8
Suppose 5*u - 10 = 125. What is the greatest common divisor of 3 and u?
3
Suppose 2*m - 315 = -m. Calculate the highest common factor of m and 21.
21
Let g(f) = -f**2 + 11*f - 4. Let s be g(8). Let y = -22 - -62. Suppose -c - c + y = 0. Calculate the greatest common factor of c and s.
20
Let i(j) = 2*j**2 - 2*j + 3. Let o be i(3). What is the greatest common divisor of 45 and o?
15
Suppose -5*r + 2*c = -3*c - 435, -414 = -5*r - 2*c. Calculate the greatest common divisor of 56 and r.
28
Let m(k) = -k**3 + 12*k**2 - 5*k + 14. Let h be m(11). What is the greatest common divisor of 10 and h?
10
Suppose 0 = -0*w + 2*w - 306. What is the highest common factor of w and 17?
17
Suppose 0 = -a - 2*i - 5, -2*i + 3 = 5*a + 12. Let f = a - -4. Suppose -3*x = -x - 3*o - 5, 3*x + 3*o = 0. What is the highest common factor of f and x?
1
Let s(b) = b**2 + 20*b + 49. Let n be s(-20). What is the highest common divisor of n and 98?
49
Suppose 4*f - 28 = -0*f. What is the greatest common factor of 63 and f?
7
Suppose -1 - 11 = -2*i. Suppose 3*j - 3*x = 15, 4 = -2*j - 2*x - 3*x. What is the greatest common factor of i and j?
3
Let j(d) = -4*d**2 - 95*d - 25. Let x be j(-23). Let r = 6 + -2. Calculate the highest common divisor of x and r.
4
Suppose -2*y - 8 = 2*u, -4*y + 2*u - 37 = -y. Let b be 1959/y + (-2)/6. Let c = -143 - b. What is the highest common divisor of 15 and c?
15
Let d be 282/54 + (-2)/9. What is the greatest common factor of d and 10?
5
Suppose 3*p + 5*f = 27, 2*p - 5*f = -p + 27. Let w = 13 - p. Let r(t) = -t**3 + 3*t**2 + 5*t - 3. Let g be r(w). What is the highest common divisor of 4 and g?
1
Let h(t) = -t**2 + 6*t - 2. Let w be h(4). Let j = 10 - w. What is the greatest common factor of 28 and j?
4
Suppose -102 = -3*n + 6*n. Let h = -11 - n. Calculate the greatest common divisor of h and 23.
23
Suppose -56*o + 576 = -52*o. Calculate the greatest common divisor of o and 9.
9
Let s(m) = -3*m - 13. Suppose 4*z + 4*p + 24 = 0, -2*p - 30 = -0*z + 4*z. Let w = -18 - z. Let n be s(w). What is the greatest common divisor of n and 154?
14
Let z be 4 + -4 - (1 - 16). Suppose -5*t = -0*t + 20, 5*i = -4*t - 31. Let a = z + i. Calculate the highest common divisor of 30 and a.
6
Let t(j) = 11*j**2 + 4. Let s be t(-5). Suppose 5*h + 3 - s = 2*d, 2*h - d = 110. Let q = -2 + 10. Calculate the highest common divisor of h and q.
8
Let j be 3/(-2)*(-8)/(-12). Let g be j - -1 - 0/3. Suppose g*y = -2*y + 360. Calculate the greatest common factor of 20 and y.
20
Suppose 286 = -0*l + 2*l. Calculate the highest common factor of 13 and l.
13
Let l(i) = i. Let j be 5*1/4*4. Let u be l(j). Suppose 0 = 2*y - 7*k + 3*k - 56, -22 = -y + u*k. What is the greatest common factor of y and 4?
4
Let u = -35 - -67. Calculate the greatest common factor of u and 256.
32
Let h(a) = a + 2. Let w be h(0). Suppose 6 + w = 2*f. Suppose -180 = t - f*t. Calculate the highest common divisor of t and 15.
15
Let d be (-1 + 9)/2 + 11. Calculate the greatest common factor of 3 and d.
3
Let v(g) = g**2 + g - 2. Let q be v(-4). Let p be ((-12)/(-2))/(4/q). What is the highest common factor of 6 and p?
3
Let h(c) be the second derivative of -c**3/3 + 8*c**2 - 2*c. Let g be h(0). Calculate the highest common factor of 8 and g.
8
Let h be (-74 - (2 - 0))*7/(-28). Calculate the highest common factor of h and 19.
19
Suppose 0 = -3*j - 5*w + 46, 2*w + w - 15 = 0. What is the greatest common divisor of j and 14?
7
Suppose -22*h + 26*h = 656. Let y = h + -83. Calculate the highest common divisor of y and 9.
9
Suppose x = 5*w + 15 + 9, 0 = -x + 3*w + 16. Suppose -p - x*m + 89 = 2*p, -5*m + 15 = p. Calculate the highest common factor of 7 and p.
7
Let h be (-8)/(-24) - (-17)/3. Let u be 2/2 - (-3 - h). Calculate the highest common divisor of u and 5.
5
Let c(j) = j + 11. Let t be c(-9). Suppose -2*k + 24 = t*k. What is the greatest common divisor of k and 3?
3
Suppose -3*q = -0 - 12. Suppose 0 = q*t - m - 18, m = 3*t - 7 - 7. Suppose -1 = -b - t*u + u, 5*u = -4*b + 25. Calculate the highest common factor of b and 2.
2
Suppose y = -1, -6*q + 5*y = -2*q - 41. Suppose q = -2*r + 3*r - 3*j, 9 = r - 4*j. What is the highest common factor of 18 and r?
9
Let v(t) = -11*t**3 + 3*t + 3. Let z be v(-2). Let q(a) = a**2 + 34. Let h be q(0). What is the greatest common divisor of h and z?
17
Let v(b) = -b**2 - 5*b + 6. Let m be v(-5). Let x be 2356/14 + m/(-21). Calculate the highest common factor of x and 24.
24
Let g = -56 + 98. Suppose -5*a = 4*k - 0*a - 49, k = -a + 11. Suppose 0*b - 5*z = b - 26, -3*b + 3*z + k = 0. What is the highest common divisor of g and b?
6
Suppose -2*c + 28 + 4 = 0. Suppose u = -4*u + 55. Let w(f) = f**2 + 3*f + 6. Let i be w(u). Calculate the highest common divisor of c and i.
16
Let n(c) = c**2 - c + 58. Let p be n(0). Calculate the highest common divisor of p and 145.
29
Let v be 35 - (9/3 - 3). Suppose -5*d = -10*d + v. What is the greatest common factor of 28 and d?
7
Let q(p) = -p - 2. Let l be q(-5). Let h be 27 + (6/l - 1). Let u = h + -18. What is the greatest common divisor of u and 5?
5
Let m(b) = -b**2 - 11*b + 2. Let g be m(-10). Let c = g - 10. Let a(d) = -d - 1. Let p be a(-6). Calculate the highest common factor of p and c.
1
Suppose -11*n = -2*n - 135. What is the greatest common divisor of 120 and n?
15
Let v(m) = m**2 + 5*m - 5. Let r be v(-6). What is the highest common divisor of 6 and r?
1
Let u be 1/(-3) + (-20)/(-6). Suppose s + 4 = u*s. Calculate the highest common factor of s and 3.
1
Suppose 4*i + 16 = 0, t - 2*i + 47 = 6*t. What is the highest common divisor of t and 77?
11
Suppose h - 3*a - 59 = 0, 0 = -2*h - 3*a + 123 - 32. Calculate the highest common divisor of 20 and h.
10
Suppose -6*c - 128 = -8*c. Let z be (-6)/(c/(-30) + 2). Calculate the greatest common divisor of z and 15.
15
Let y(o) = 4*o**2 - 3*o. Let z be y(-3). Calculate the greatest common factor of z and 9.
9
Suppose -5*l - 44 = -6*l. Let t be 1/(-1 - l/(-42)). Calculate the greatest common divisor of t and 7.
7
Suppose 5*i - 5*b - 35 = 0, -b - 2 + 3 = i. Suppose 0*h + 34 = 3*d - 2*h, 2*h = -i. Suppose 0 = -4*g - 32 + 312. Calculate the highest common factor of d and g.
10
Let z be (-8)/(-2) + 108 + 0. Let g(b) = 4*b**2. Let c be g(2). Calculate the highest common divisor of z and c.
16
Suppose 8*p + p = 828. What is the highest common divisor of p and 23?
23
Let j = -28 + 38. What is the greatest common divisor of 10 and j?
10
Let a(x) = 2*x**2 - 4*x - 4. Let o be a(7). What is the highest common factor of o and 44?
22
Suppose -3*v = -5*z + 43 + 61, -79 = -4*z + v. Calculate the greatest common factor of 76 and z.
19
Suppose 6*g = q + 4*g + 45, -2*q - 83 = 3*g. Let k = -20 - q. What is the greatest common factor of 23 and k?
23
Suppose 52 = 2*j - 74. What is the highest common divisor of j and 7?
7
Let k(t) = -t**3 - 5*t**2 + t + 4. Let p be k(-5). Let b(n) = -n**3 + n**2 + 2*n + 1. L